se -u = -z - 3*z. Is ((-52)/16)/((-3)/z) a prime number?
False
Let p(r) = -10*r - 11 + r + 3*r + 39*r**2. Is p(-3) a prime number?
False
Let n be (7/(-21))/(1/(-21)). Let h be n*(-2)/14*-2. Suppose i = -1 - h, 4*i + 166 = 2*b. Is b composite?
True
Let r(d) be the second derivative of d**3/6 + 5*d**2/2 - 3*d. Let w be r(4). Let p = 20 - w. Is p prime?
True
Suppose 40 = -t + 5*t. Suppose t = -5*v - 5*k, -2*k - 16 = 2*v - 3*k. Is 3*(v/(-3) - 1) a prime number?
True
Let r = 18467 - 7038. Is r prime?
False
Suppose t = 11 + 12. Suppose -5*a + 73 = x, 0 = 3*a + 3*x - 6*x - 33. Suppose -t = -o + a. Is o composite?
False
Let w(m) = -2*m**2 - 3*m + 5. Let t be w(5). Is (1 - 12)*(1 + t) a composite number?
True
Suppose 10*g = 3*g. Suppose g = 6*r - 7*r + 1055. Is r composite?
True
Let o = 40 + -23. Let v = o - -25. Is 1*3*v/18 a prime number?
True
Let l be (-1959)/6 + 5/(-10). Suppose 0 = y + 119 + 81. Let t = y - l. Is t a prime number?
True
Suppose -39432 = -15*i - 9*i. Is i prime?
False
Let y = 100 - 93. Suppose 4*a + 5055 = y*a. Is a composite?
True
Let l be (3/6)/(2/(-44)). Let r = l - -13. Suppose -5*b = -r*w + 43, -3*w + 4*b = 2*b - 37. Is w a prime number?
False
Is (2 - (1 + -1)) + (-799121)/(-19) a prime number?
True
Suppose -2*i + 4640 = 4*y, -5802 = -5*y - 2*i - 0*i. Suppose 23*x + y = 25*x. Is x prime?
False
Suppose -2*r + 6 = -2*g, -2*g + r + 2 = 3*r. Is 8955/60 + g/4 prime?
True
Let x = -55 + 13918. Is x a prime number?
False
Suppose 4*b - 6 = 2. Suppose -1305 = 7*y - b*y. Let q = 388 + y. Is q a composite number?
False
Let m = -42736 - -121103. Is m a prime number?
True
Suppose 2*c - i + 79 = 0, -4*c - 5*i - 87 = 50. Let z = c + 460. Is z composite?
True
Let q = -980 + 1992. Suppose q = -b - 3*b. Let z = b + 500. Is z prime?
False
Let i(t) = 19*t + 9. Let n(v) = -v. Let m(y) = i(y) - 6*n(y). Is m(16) prime?
True
Suppose -u + 1 = -d, 0 = 3*d - 5*u - 5. Let t be (-4 - d)*(7 + 0). Suppose m - 196 = t. Is m composite?
True
Let w = -2015 - -45360. Is w composite?
True
Is 1637 - ((-2)/3)/(16/(-96)) a composite number?
True
Let a(h) = 8*h**2 - 25*h - 309. Is a(28) prime?
False
Let d = -216 + 3005. Is d a prime number?
True
Suppose 2*y - 3*h + 47853 = 176629, y - 64387 = 2*h. Is y prime?
False
Suppose 0 = y + 1, f + 6 = y + 7. Suppose -5*b - 6*n + 4506 = -2*n, 5*b - 4*n - 4474 = 0. Suppose f = 5*l - 3*l - b. Is l composite?
False
Suppose -4*p + 84004 = 5*i, 0 = -2*p - 14*i + 12*i + 42002. Is p prime?
True
Let d(z) = 16*z**3 - 10*z**3 + 1 + 2 + 19*z**3. Is d(4) composite?
True
Suppose -9*u = -129 + 12. Is 1 + 4266/u + 10/(-65) prime?
False
Let i = 3907 + -2570. Is i a composite number?
True
Let x = 111 - 118. Let b(t) be the second derivative of -t**5/20 - t**4/3 - 4*t**3/3 + 4*t**2 - t. Is b(x) a prime number?
True
Suppose -4*z - o = -23, -5*z + 34 - 4 = o. Suppose -z*d - 50 = -2*d. Is (-7486)/d + (-50)/(-125) a composite number?
True
Let g = 206 + -92. Let p = g + 112. Is p a prime number?
False
Let n be -3*((-12)/(-9) + -2). Let l(w) = -5*w + 3*w**3 + 2*w**n - 5 - 5*w**3 - 2 + 3*w**3. Is l(5) a composite number?
True
Let f = -1116 + 1984. Suppose u - f = 3*m, -4*m = -3 - 9. Is u a prime number?
True
Let n(u) = 12*u**2 + 25*u + 75. Let r(d) = 6*d**2 + 12*d + 37. Let y(h) = -6*n(h) + 13*r(h). Is y(8) composite?
False
Let l = -60151 + 87744. Is l a prime number?
False
Let h = -1306 - -2599. Is h a composite number?
True
Let b be 502/(-3)*(-6)/4. Is (-2 - (-4 - -2)) + b prime?
True
Let u = -1 - -7. Suppose 8*i - u*i - 2930 = 0. Is i a prime number?
False
Suppose 22312 = 9*t + 2485. Is t a composite number?
False
Is -4 - (-4 + 5)*-5037 composite?
True
Let i(k) = 9*k - 9. Let l(d) = -d**2 - d - 1. Let m(q) = -i(q) - l(q). Let f be m(7). Suppose -f*y = -15 - 24. Is y composite?
False
Is (6567/(-22))/((-4)/8) a prime number?
False
Suppose a - 16409 = -2*p, -4*p + 16001 = -3*a - 16802. Is p prime?
False
Let f = 19 + -7. Suppose -p = -5*p + f. Suppose 0 = n + 3*j - 108 + 37, 4*n + p*j = 248. Is n a prime number?
True
Let r be (-3 - -6) + -1227 + 0. Let f be -2284*(3/(-12) - -1). Let c = r - f. Is c composite?
True
Suppose 0 = -c - 5*o + 985, -4*c + 4686 = 2*o + 692. Suppose 4*q - c = 144. Suppose 71 = v + 3*a, -5*v - 2*a + 43 = -q. Is v prime?
False
Let x be (1 - 0)/(5/(-575)*1). Let r = x - -902. Is r prime?
True
Let c(q) = 2*q**3 + 3*q**2 + 2*q - 4. Let p be (-4)/(-14) + (-176)/28. Let u be c(p). Let w = 573 + u. Is w a composite number?
False
Let h(g) = g**2 - 4*g - 1. Let s be h(5). Let a(y) = -s + 21*y**2 - 4*y + 2*y**2 + 8*y**2. Is a(-3) composite?
True
Suppose -16*j - 3*n + 2916 = -13*j, 0 = -5*j + 3*n + 4852. Is j prime?
True
Let z = -70 - -83. Suppose -z*s - 10014 = -19*s. Is s a prime number?
True
Let j(r) = r - 2. Let b be j(4). Let s be (-57)/(-11) + b/(-11). Suppose 1596 = 5*w - 3*m, 2*w + 3*m + 954 = s*w. Is w prime?
False
Suppose 0*u + 4 = r - 2*u, 0 = -2*r + 3*u + 7. Suppose 4*y - 239 - 1383 = -r*w, y = -4*w + 3258. Is w prime?
False
Suppose -2*c = 5*n - 14, -n = 3*n - 3*c - 25. Is (-21)/(-6) + (-2)/n a composite number?
False
Let c = 695 + -243. Let f = c + 89. Is f prime?
True
Let c = 124 - -511. Suppose 0 = -2*m + 3*w + 406, -c = -3*m + 2*w - 26. Suppose -4*x - l = -m, 0 = 3*x + l - 6*l - 158. Is x a composite number?
True
Is (-16)/(-48) + 1010/3 + -2 prime?
False
Let t be 5*(-8)/(-20) + -39. Let h = t + 19. Is (-4)/(-18) + (-4010)/h a prime number?
True
Suppose i + 62 = x + 3*i, 2*x - 131 = 3*i. Suppose 0*o = o - x. Suppose 2*z - 46 = 4*b, 0*b + b + o = 4*z. Is z prime?
False
Let q = 4550 + -2319. Is q composite?
True
Let r(q) = 22*q + 1. Suppose 2*k + 3*c - 23 = 0, 5*k - 2*k - 32 = -2*c. Is r(k) prime?
False
Is (280551/(-34))/(18/(-60)) prime?
False
Suppose 14*f - 8285 - 11525 = 0. Is f prime?
False
Suppose -3250 = -4*n - 2*l, 2*l - 4061 = -0*n - 5*n. Suppose 2*j + 69 = n. Is j a prime number?
False
Let n = 99 + 267. Let w = 515 - n. Is w a composite number?
False
Suppose -4*f - 4690 = -5*x - 945, -4*x = -2*f - 2996. Is x prime?
False
Suppose 0 = -k - 4*x + 6795, -2*x - 2*x + 33911 = 5*k. Is k composite?
False
Suppose 121*f - 106*f - 226335 = 0. Is f a composite number?
True
Let l(m) be the third derivative of 197*m**4/24 - m**3/2 + 20*m**2. Is l(2) a composite number?
True
Suppose -21*c + 632 = -17*c. Let u = 8 - 5. Suppose 0 = t + u*g - c, -4*t + 730 = 2*g + 88. Is t a prime number?
False
Suppose 0 = -8*g + 29*g - 1115961. Is g composite?
True
Suppose -4*s + 12 = 0, s + 14962 = 2*o - 6241. Suppose -6*t + 3107 + o = 0. Is t prime?
False
Suppose 2458370 = -214*f + 248*f. Is f a prime number?
False
Let o(g) = -128*g**3 - 2*g**2 - g. Let i be o(-1). Suppose 0 = 4*t + 5*w - 2539, -3*t + 5*w - i + 2005 = 0. Is t a prime number?
True
Suppose -d = -4*i - 1 - 16, -3*i = -5*d. Let g(z) = 6 - 8*z**2 - 4*z - z + 2*z - 2*z**3. Is g(i) a prime number?
True
Is (-7557)/(-9) + 12/9 a composite number?
True
Is 4 - (7 - (4830 + 4)) a prime number?
True
Let h(f) = 1803*f + 68. Is h(9) a composite number?
True
Let q(z) be the second derivative of z**4/6 + 7*z**3/3 + 7*z**2/2 - 7*z. Is q(-27) a prime number?
True
Let u(x) = 378*x**3 + 2*x**2 - x. Suppose -6 = 4*v + 2, 5*z - 3 = -v. Is u(z) a prime number?
True
Suppose -320736 + 75564 = -12*g. Is g a prime number?
True
Suppose 13 = 5*g - 17. Suppose -2*o + 5*o + 11 = -5*v, 5*o - v = -65. Is (296/o)/((-4)/g) a prime number?
True
Suppose -2*r + 1428 = 4*r. Let m = 241 + r. Is m composite?
False
Let m = -2567 - -4468. Suppose m = 3*t - s + 2*s, s - 2 = 0. Is t composite?
True
Let s = 12 - 9. Suppose s*u = 1137 - 96. Is u prime?
True
Let m(d) be the first derivative of -d**3/3 + 201*d - 3. Let u be m(0). Suppose -2*c = c - u. Is c a composite number?
False
Suppose -4*w + 5032 = 2*p, w - p - 2*p - 1265 = 0. Is w a composite number?
False
Is 11*(-1 - -4565) + 0 + 3 a prime number?
True
Let h = 40621 - -20770. Is h a prime number?
False
Let m = 45 - 39. Suppose -3*h - 921 = -m*h. Is h a prime number?
True
Let d = 605 - 2111. Is ((-7)/14)/(3/d) composite?
False
Suppose 0 = 3*d - 12. Is (-5590)/(-4) - d/8 composite?
True
Let a(p) = 2*p - 2. Let s be a(1). Suppose d - 205 - 332 = s. Suppose 7*i = 10*i - d. Is i a prime number?
True
Let c(s) = -343*s - 18. Let r be c(-5). Suppose -1499 = 3*l - 3*q + 1051, -2*l 